*2 + 10 + 2*p**3 - 6*p**3 + p**3 + 4*p**3 + l*p - 9*p**2. Calculate x(-9).
-8
Let i(q) = 3*q + 24. Let z be i(-7). Suppose 6 = 3*v - 0*v. Let x(p) = 1 + z*p**2 + p + 0*p**2 + 3*p**v + 0*p + p**3. Give x(-5).
21
Suppose 22 = -7*p + 113. Let s = p + -6. Suppose 5*a - 4 = -2*x + 7, x - s = -4*a. Let w(r) = r**3 - 3*r**2 - 4*r + 2. Determine w(x).
-10
Let a(t) = 5*t**2 - 3*t**2 + 3*t**2 + 3*t + 2 - 4*t**2. Let s = 26 + -11. Let y = s - 20. What is a(y)?
12
Let r(x) = -x**3 - 7*x**2 - 33*x - 77. Let p be r(-4). Let q(w) = -2*w + 7. Give q(p).
-7
Suppose -3*t = -0 + 18. Let i(k) be the third derivative of k**6/120 + k**5/10 + k**4/24 + 13*k**3/6 - 469*k**2 - 2*k. Calculate i(t).
7
Suppose 0 = -45*k - 134*k - 493 - 223. Let c(t) = 9*t**2 + 7*t + 3. Let v(n) = -5*n**2 - 4*n - 1. Let w(q) = -4*c(q) - 7*v(q). Calculate w(k).
-21
Suppose 0 = 2*r - 5*w + 61 - 40, 2*w = -5*r + 20. Let k(m) = 20*m + 5*m**3 - m**2 + 3 + 2*m**3 - 2*m**3 - 44*m + 20*m. Give k(r).
31
Let g(w) = -14*w**2 - 20*w - 4. Let s = -148 + 168. Suppose 133 = -9*k - s. Let x(o) = -5*o**2 - 7*o - 1. Let m(a) = k*x(a) + 6*g(a). What is m(0)?
-7
Let d(h) = 3*h**3 + 25*h**2 - 10*h + 64. Let k(g) = -4*g**3 - 26*g**2 + 5*g - 62. Let x(q) = -3*d(q) - 2*k(q). What is x(-24)?
28
Let s(h) = 10*h - 2*h + 8*h + 9*h - 15 - 9*h. Calculate s(8).
113
Let y be (-140)/18 + (-274)/1233. Let m(h) = -3*h**2 - 28*h + 18. What is m(y)?
50
Suppose 2*u - 4*w - 30 = 0, 0 = u + 5*w - 5 + 4. Let a(v) = -v**3 + 12*v**2 - 8*v - 5. Determine a(u).
28
Let a be (6/4)/((-2)/(-4)). Let t = 1097 + -1095. Suppose 0 = o + 3*m - t*m - 2, 3*m + 30 = a*o. Let b(h) = h**3 - 6*h**2 + h - 7. What is b(o)?
-1
Let p(y) be the second derivative of 2*y**3/3 + 2*y**2 - 980*y. Let h(d) = 4*d - 42. Let b be h(9). Give p(b).
-20
Let v(g) = -3*g + 6. Let a(d) = 0*d**3 + 23*d**2 + 38*d - 17*d**3 + 18*d**3 - 82. Let o be a(-21). Give v(o).
0
Let z = -219 - -489. Suppose 36*t = 9*t + z. Let c(h) = -h - 11 + 2*h + 0. Calculate c(t).
-1
Let n(t) = 5*t**2 + 32*t + 8. Let v be (45/25)/(((-627)/(-110))/(-19)). Give n(v).
-4
Let f(k) = 3 + 12*k - 13 - 11 - 10*k. Calculate f(0).
-21
Let f(l) be the second derivative of 3*l + 0 - 1/2*l**2 + 1/2*l**3. Let h be ((-5)/((-50)/(-12)))/(1132/(-2830)). Calculate f(h).
8
Let a(h) be the first derivative of -h**4/4 - h**3 + 3*h**2 + h - 4223. Give a(-4).
-7
Let m(u) = 5*u + 10*u**2 + 8*u**2 - 1 - 17*u**2 - 3. Suppose 16 = 4*k - 17*k - 62. Determine m(k).
2
Let n = 1998 - 1996. Let o(h) be the first derivative of h - 1/2*h**n + 3/4*h**4 - 1/3*h**3 + 16. What is o(1)?
2
Let o(i) = i**3 + 28*i**2 + 24*i - 74. Suppose 4*n - b + 115 = 0, -112*b + 114*b = -2*n - 40. Determine o(n).
7
Let k(t) = -20*t - 25. Let y(x) = 7*x + 8. Let a(z) = -6*k(z) - 17*y(z). Suppose -101*d + 135*d = -340. Give a(d).
4
Let r be (6/5)/((-12)/(-40)). Let d(l) = 0*l**2 - 6 + r + l + l**2. Let q(v) = -v**3 - 4*v**2 - 10*v + 93. Let t be q(3). Determine d(t).
-2
Suppose -20 = -14*a + 16*a. Let h(g) = -3*g + g - 24853 + 24839. Give h(a).
6
Let t = 6199 + -6201. Let i(p) = 7*p**3 - p**2 + 2*p + 1. Determine i(t).
-63
Let x(s) = -s**3 - 8*s**2 + 39*s - 1929. Let w be x(-17). Let f(q) be the first derivative of 3*q**2/2 - 15*q - 1. Calculate f(w).
12
Let m(x) = -6*x - 32. Let l(s) = 110*s + 7146. Let q be l(-65). Calculate m(q).
-8
Let o(b) = -b**3 - 18*b**2 - 39*b - 371. Let m be o(-17). Let d(p) = 6*p - 5. Give d(m).
13
Let j(q) = 150*q + 4. Suppose 0 = -4*y - 10*y + 2637 - 2637. Give j(y).
4
Suppose 5*w + 6*a - 40 = 2*a, -w = 4*a - 24. Let f(b) be the second derivative of 5*b - 1/12*b**w - 5/6*b**3 - b**2 + 0. Calculate f(-3).
4
Let v(y) = 134*y - 12*y**2 - 3 + y**3 - 275*y + 0 + 154*y. Calculate v(5).
-113
Let x(d) = -5*d + 17. Suppose 42*f + 131*f - 1384 = 0. Determine x(f).
-23
Suppose -5*p - 218 = -2*o - 133, 3*p = -o - 40. Let w(c) = -11*c - 164. Calculate w(p).
1
Let n(c) = -c**3 + 2*c**2 - 2*c + 1. Let t be 3 - 1 - -1 - 0. Let y = t + 11. Let j be 4/(-10) + y/10. Determine n(j).
0
Let o(g) = -3*g**3 - 21*g**2 - 46*g - 7. Let y(p) = -4*p**3 - 31*p**2 - 67*p - 8. Let q(f) = -7*o(f) + 5*y(f). Calculate q(9).
-27
Let m be 18 - 31 - (-1 + -16). Let c(d) be the third derivative of -13*d**2 + 0 + 0*d**m + 1/6*d**3 + 0*d + 1/30*d**5 - 1/120*d**6. Determine c(-2).
17
Suppose -5*f + 5*k = 61 - 11, 3*k = -4*f - 47. Let o(p) = 3*p + 9. What is o(f)?
-24
Let h(l) be the second derivative of -l**5/20 + 3*l**4/4 - 11*l**3/6 - 3*l**2 - 4753*l. Determine h(2).
0
Let j be 802/6 - (-56)/(-84). Let z(g) = -132*g**3 + j*g**3 - 4*g**2 - 4*g + 7*g**2. Calculate z(-4).
0
Let c(t) = t - 7. Let z = 169 - -18. Let r be (-1144)/z + 6/51. Give c(r).
-13
Suppose 3*s - 9 - 6 = 0. Let m(t) = s + 4 - t + 2*t**3 - 3*t**3 + t**2. Let k = 234128 - 234128. What is m(k)?
9
Let s(l) = -4*l**2 + 6*l + 4. Let g be (-2*10/(-80))/((-1)/(-12)). Calculate s(g).
-14
Let h(r) = -r**2 - 3*r - 4. Let v(w) = 701*w**2 + 2 + 2*w + 3 - 1399*w**2 + 699*w**2. Let k(s) = 5*h(s) + 4*v(s). Give k(-8).
-8
Let q(s) = -11*s**2 - 22*s - 9. Let c be q(-2). Let b(j) = -j - 11. What is b(c)?
-2
Let a = 257 + -254. Suppose -a = -7*o + 10*o. Let f(k) = -6*k - 4. Calculate f(o).
2
Let a(k) = -30*k - 27. Let n(h) = -9*h - 7. Let u(p) = -2*a(p) + 7*n(p). Suppose -i - q = -2, -i + 0*i + 10 = -3*q. What is u(i)?
-7
Let c(o) be the second derivative of -o**4/12 + 7*o**3/6 - 2*o**2 - 56*o - 1. Let m be c(2). Let q(h) = -h**2 + 4*h + 6. Give q(m).
-6
Let i(o) = 4*o**2 + 2*o + 12. Suppose -9*u - 3*n + 39 = 0, 31*u - 2*n - 14 = 27*u. Determine i(u).
84
Suppose 0 = -5*o + 14 - 4. Let k(q) = 190*q**o - 1 + 6*q - 9*q - 189*q**2. What is k(6)?
17
Let t be ((-54)/45)/(4/(-50)). Suppose -5*v - 10 = 2*y, -v = 3*y + 4*v + t. Let p(d) = -2 + d - 3*d + 0*d. Give p(y).
8
Let n(w) = -5*w - 72. Let f(q) = 41*q + 508. Let h(o) = -2*f(o) - 15*n(o). What is h(11)?
-13
Let t(d) = -d**3 - 6*d**2 - d - 7. Let l be (2 - (-688 - -2)) + 2. Let k = -696 + l. What is t(k)?
-1
Let z(t) be the second derivative of t**5/120 + t**4/24 + 5*t**3/3 - t**2/2 - 16*t. Let o(r) be the second derivative of z(r). Determine o(6).
7
Let b(d) = 18*d**2 - 4*d + 2. Suppose -7*g - 487 = -250 - 244. What is b(g)?
16
Let j(t) = -10*t + 21. Let n = -6419 + 6421. Calculate j(n).
1
Let v(x) = 2*x**3 - 4*x - 1. Let a(i) = -14*i**3 - 12*i**2 + 19*i - 15. Let w(p) = a(p) + 6*v(p). Give w(-6).
9
Let f be (0 - 4) + 0/(-2). Let q = 333 + -330. Let b(j) = 2*j - 4*j**3 + 3*j + 1511 - q*j**2 - 1507 + 3*j**3. What is b(f)?
0
Let q(c) = c**3 + 2*c**2 - 5*c - 3. Let v be q(-3). Suppose -3*x = 0, -2*k = v*k - x - 55. Suppose m = k - 16. Let j(d) = -d**2 - 6*d + 7. What is j(m)?
12
Let n(j) = 2*j**2 + 57*j - 396. Let x be n(6). Let b(k) = -2*k**3 + 35*k**2 + 17*k + 14. Calculate b(x).
-4
Let d be (-6)/15 - 54/(-10). Suppose -5*n - 15 = 5*g, d*g = -0*n - 4*n - 17. Let t(l) be the third derivative of -l**4/12 + l**3/3 + 2*l**2. What is t(n)?
-2
Let o(s) = 9*s + 38. Let n(p) = 3*p + 13. Let f be 6/(-4)*(-13)/((-234)/204). Let x(h) = f*n(h) + 6*o(h). Determine x(-10).
-23
Let u be (-5)/(-3)*1/(3/9). Let p(z) = 5*z - 3*z - u*z + 0*z - 12. Calculate p(-8).
12
Let u(v) = -2*v**3 - 10*v**2 + v - 1. Let t(k) = 3*k**3 + 34*k**2 - 52*k. Let b(x) = -t(x) - 2*u(x). Calculate b(7).
9
Let n(h) be the third derivative of -h**5/60 + 7*h**4/24 - h**3/6 - h**2. Suppose k + 296 = 3*z, 4*k = -2*z + 25 + 191. Let r be 14*-5*(-10)/z. Give n(r).
-1
Let k(c) = -2*c**2 + 2*c - 3. Let f be k(2). Let g(l) = -17*l + 7*l + 630 + 626 + 7*l - 1249. Calculate g(f).
28
Let j = 349 + -340. Let v(o) be the second derivative of -2*o - 3/2*o**2 - 1/12*o**4 + 5/3*o**3 + 0. Determine v(j).
6
Let n(x) be the second derivative of -x**3/3 - x**2/2 - 81*x - 1. Determine n(-5).
9
Let w(o) = 2*o**2 - o + 3. Let y(i) = -i**2 - 11*i - 12. Let r be y(-9). Let f be (r + -9)*(-2 - -1). Determine w(f).
18
Let l(p) be the first derivative of p**4/12 + 5*p**3/6 + 5*p**2/2 - 81*p - 90. Let i(o) be the first derivative of l(o). Determine i(-5).
5
Let o be 1/(-4) - ((-43260)/80)/(-21). Let f(l) = 6*l + 161. Determine f(o).
5
Let i(v) = -2*v**2 - 17*v - 12. Let s = -591 + 584. Let g be i(s). Let f(n) = -n**3 + 10*n**2 - 10*n. What is f(g)?
-9
Suppose -44 = 4*u + 4*l, -4*u + 4*l = 9*l + 54. Let g(i) be the second derivative 